[INFO] fetching crate drone-micropython-raw 0.1.1...
[INFO] checking drone-micropython-raw-0.1.1 against master#cfbc6d4cf1acbac5c025acf8ed68929caa551df3 for pr-75494-beta
[INFO] extracting crate drone-micropython-raw 0.1.1 into /workspace/builds/worker-13/source
[INFO] validating manifest of crates.io crate drone-micropython-raw 0.1.1 on toolchain cfbc6d4cf1acbac5c025acf8ed68929caa551df3
[INFO] running `Command { std: "/workspace/cargo-home/bin/cargo" "+cfbc6d4cf1acbac5c025acf8ed68929caa551df3" "read-manifest" "--manifest-path" "Cargo.toml", kill_on_drop: false }`
[INFO] started tweaking crates.io crate drone-micropython-raw 0.1.1
[INFO] finished tweaking crates.io crate drone-micropython-raw 0.1.1
[INFO] tweaked toml for crates.io crate drone-micropython-raw 0.1.1 written to /workspace/builds/worker-13/source/Cargo.toml
[INFO] running `Command { std: "/workspace/cargo-home/bin/cargo" "+cfbc6d4cf1acbac5c025acf8ed68929caa551df3" "generate-lockfile" "--manifest-path" "Cargo.toml" "-Zno-index-update", kill_on_drop: false }`
[INFO] running `Command { std: "/workspace/cargo-home/bin/cargo" "+cfbc6d4cf1acbac5c025acf8ed68929caa551df3" "fetch" "--locked" "--manifest-path" "Cargo.toml", kill_on_drop: false }`
[INFO] running `Command { std: "docker" "create" "-v" "/var/lib/crater-agent-workspace/builds/worker-13/target:/opt/rustwide/target:rw,Z" "-v" "/var/lib/crater-agent-workspace/builds/worker-13/source:/opt/rustwide/workdir:ro,Z" "-v" "/var/lib/crater-agent-workspace/cargo-home:/opt/rustwide/cargo-home:ro,Z" "-v" "/var/lib/crater-agent-workspace/rustup-home:/opt/rustwide/rustup-home:ro,Z" "-e" "SOURCE_DIR=/opt/rustwide/workdir" "-e" "CARGO_TARGET_DIR=/opt/rustwide/target" "-e" "CARGO_HOME=/opt/rustwide/cargo-home" "-e" "RUSTUP_HOME=/opt/rustwide/rustup-home" "-w" "/opt/rustwide/workdir" "-m" "1610612736" "--user" "0:0" "--network" "none" "rustops/crates-build-env@sha256:a636fd89d022f18117e1dc8fb37a0a009933cdbbe082814857f0e2024962d47c" "/opt/rustwide/cargo-home/bin/cargo" "+cfbc6d4cf1acbac5c025acf8ed68929caa551df3" "metadata" "--no-deps" "--format-version=1", kill_on_drop: false }`
[INFO] [stderr] WARNING: Your kernel does not support swap limit capabilities or the cgroup is not mounted. Memory limited without swap.
[INFO] [stdout] bde27a659ead071b2d9dc33918611b214cab398b05213fe77be355619d74e58b
[INFO] running `Command { std: "docker" "start" "-a" "bde27a659ead071b2d9dc33918611b214cab398b05213fe77be355619d74e58b", kill_on_drop: false }`
[INFO] running `Command { std: "docker" "inspect" "bde27a659ead071b2d9dc33918611b214cab398b05213fe77be355619d74e58b", kill_on_drop: false }`
[INFO] running `Command { std: "docker" "rm" "-f" "bde27a659ead071b2d9dc33918611b214cab398b05213fe77be355619d74e58b", kill_on_drop: false }`
[INFO] [stdout] bde27a659ead071b2d9dc33918611b214cab398b05213fe77be355619d74e58b
[INFO] running `Command { std: "docker" "create" "-v" "/var/lib/crater-agent-workspace/builds/worker-13/target:/opt/rustwide/target:rw,Z" "-v" "/var/lib/crater-agent-workspace/builds/worker-13/source:/opt/rustwide/workdir:ro,Z" "-v" "/var/lib/crater-agent-workspace/cargo-home:/opt/rustwide/cargo-home:ro,Z" "-v" "/var/lib/crater-agent-workspace/rustup-home:/opt/rustwide/rustup-home:ro,Z" "-e" "SOURCE_DIR=/opt/rustwide/workdir" "-e" "CARGO_TARGET_DIR=/opt/rustwide/target" "-e" "CARGO_INCREMENTAL=0" "-e" "RUST_BACKTRACE=full" "-e" "RUSTFLAGS=--cap-lints=forbid" "-e" "CARGO_HOME=/opt/rustwide/cargo-home" "-e" "RUSTUP_HOME=/opt/rustwide/rustup-home" "-w" "/opt/rustwide/workdir" "-m" "1610612736" "--user" "0:0" "--network" "none" "rustops/crates-build-env@sha256:a636fd89d022f18117e1dc8fb37a0a009933cdbbe082814857f0e2024962d47c" "/opt/rustwide/cargo-home/bin/cargo" "+cfbc6d4cf1acbac5c025acf8ed68929caa551df3" "check" "--frozen" "--all" "--all-targets" "--message-format=json", kill_on_drop: false }`
[INFO] [stdout] 4ac1597e0ee1cc8e1a636bd57752625776863dfe49f40e157036801dc5cf9694
[INFO] [stderr] WARNING: Your kernel does not support swap limit capabilities or the cgroup is not mounted. Memory limited without swap.
[INFO] running `Command { std: "docker" "start" "-a" "4ac1597e0ee1cc8e1a636bd57752625776863dfe49f40e157036801dc5cf9694", kill_on_drop: false }`
[INFO] [stderr]    Compiling libc v0.2.76
[INFO] [stderr]    Compiling memchr v2.3.3
[INFO] [stderr]    Compiling log v0.4.11
[INFO] [stderr]    Compiling bitflags v1.2.1
[INFO] [stderr]    Compiling unicode-xid v0.1.0
[INFO] [stderr]    Compiling cfg-if v0.1.10
[INFO] [stderr]    Compiling bindgen v0.37.4
[INFO] [stderr]    Compiling make-cmd v0.1.0
[INFO] [stderr]     Checking drone-ctypes v0.8.3
[INFO] [stderr]    Compiling clang-sys v0.23.0
[INFO] [stderr]    Compiling libloading v0.5.2
[INFO] [stderr]    Compiling thread_local v1.0.1
[INFO] [stderr]    Compiling proc-macro2 v0.3.5
[INFO] [stderr]    Compiling aho-corasick v0.7.13
[INFO] [stderr]    Compiling quote v0.5.2
[INFO] [stderr]    Compiling atty v0.2.14
[INFO] [stderr]    Compiling memchr v1.0.2
[INFO] [stderr]    Compiling which v1.0.5
[INFO] [stderr]    Compiling clap v2.33.3
[INFO] [stderr]    Compiling nom v3.2.1
[INFO] [stderr]    Compiling regex v1.3.9
[INFO] [stderr]    Compiling cexpr v0.2.3
[INFO] [stderr]    Compiling env_logger v0.5.13
[INFO] [stderr]    Compiling drone-micropython-raw v0.1.1 (/opt/rustwide/workdir)
[INFO] [stderr] error: failed to run custom build command for `drone-micropython-raw v0.1.1 (/opt/rustwide/workdir)`
[INFO] [stderr] 
[INFO] [stderr] Caused by:
[INFO] [stderr]   process didn't exit successfully: `/opt/rustwide/target/debug/build/drone-micropython-raw-00c39ba3e5077771/build-script-build` (exit code: 101)
[INFO] [stderr]   --- stdout
[INFO] [stderr]   Use make V=1 or set BUILD_VERBOSE in your environment to increase build verbosity.
[INFO] [stderr]   mkdir -p /opt/rustwide/target/debug/build/drone-micropython-raw-c2951be7c8eed0bf/out/micropython/genhdr
[INFO] [stderr]   GEN /opt/rustwide/target/debug/build/drone-micropython-raw-c2951be7c8eed0bf/out/micropython/genhdr/mpversion.h
[INFO] [stderr]   GEN /opt/rustwide/target/debug/build/drone-micropython-raw-c2951be7c8eed0bf/out/micropython/genhdr/qstr.i.last
[INFO] [stderr]   GEN /opt/rustwide/target/debug/build/drone-micropython-raw-c2951be7c8eed0bf/out/micropython/genhdr/qstr.split
[INFO] [stderr]   GEN /opt/rustwide/target/debug/build/drone-micropython-raw-c2951be7c8eed0bf/out/micropython/genhdr/qstrdefs.collected.h
[INFO] [stderr]   QSTR updated
[INFO] [stderr]   GEN /opt/rustwide/target/debug/build/drone-micropython-raw-c2951be7c8eed0bf/out/micropython/genhdr/qstrdefs.generated.h
[INFO] [stderr]   mkdir -p /opt/rustwide/target/debug/build/drone-micropython-raw-c2951be7c8eed0bf/out/micropython/extmod/
[INFO] [stderr]   mkdir -p /opt/rustwide/target/debug/build/drone-micropython-raw-c2951be7c8eed0bf/out/micropython/lib/embed/
[INFO] [stderr]   mkdir -p /opt/rustwide/target/debug/build/drone-micropython-raw-c2951be7c8eed0bf/out/micropython/lib/utils/
[INFO] [stderr]   mkdir -p /opt/rustwide/target/debug/build/drone-micropython-raw-c2951be7c8eed0bf/out/micropython/py/
[INFO] [stderr]   mkdir -p /opt/rustwide/target/debug/build/drone-micropython-raw-c2951be7c8eed0bf/out/micropython/src/
[INFO] [stderr]   CC micropython/py/mpstate.c
[INFO] [stderr] 
[INFO] [stderr]   --- stderr
[INFO] [stderr]   In file included from micropython/py/mpstate.h:35,
[INFO] [stderr]                    from micropython/py/mpstate.c:27:
[INFO] [stderr]   micropython/py/obj.h: In function 'MP_OBJ_IS_SMALL_INT':
[INFO] [stderr]   micropython/py/obj.h:85:17: error: cast from pointer to integer of different size [-Werror=pointer-to-int-cast]
[INFO] [stderr]      85 |     { return ((((mp_int_t)(o)) & 1) != 0); }
[INFO] [stderr]         |                 ^
[INFO] [stderr]   micropython/py/obj.h: In function 'MP_OBJ_IS_QSTR':
[INFO] [stderr]   micropython/py/obj.h:90:17: error: cast from pointer to integer of different size [-Werror=pointer-to-int-cast]
[INFO] [stderr]      90 |     { return ((((mp_int_t)(o)) & 3) == 2); }
[INFO] [stderr]         |                 ^
[INFO] [stderr]   micropython/py/obj.h: In function 'MP_OBJ_IS_OBJ':
[INFO] [stderr]   micropython/py/obj.h:106:17: error: cast from pointer to integer of different size [-Werror=pointer-to-int-cast]
[INFO] [stderr]     106 |     { return ((((mp_int_t)(o)) & 3) == 0); }
[INFO] [stderr]         |                 ^
[INFO] [stderr]   cc1: all warnings being treated as errors
[INFO] [stderr]   make: *** [micropython/py/mkrules.mk:47: /opt/rustwide/target/debug/build/drone-micropython-raw-c2951be7c8eed0bf/out/micropython/py/mpstate.o] Error 1
[INFO] [stderr]   thread 'main' panicked at 'Build failed', build.rs:26:5
[INFO] [stderr]   stack backtrace:
[INFO] [stderr]      0:     0x55bb62f47e35 - backtrace::backtrace::libunwind::trace::h5e2646fa3eddf2ea
[INFO] [stderr]                                  at /cargo/registry/src/github.com-1ecc6299db9ec823/backtrace-0.3.46/src/backtrace/libunwind.rs:86
[INFO] [stderr]      1:     0x55bb62f47e35 - backtrace::backtrace::trace_unsynchronized::hb95dd7f77ce47877
[INFO] [stderr]                                  at /cargo/registry/src/github.com-1ecc6299db9ec823/backtrace-0.3.46/src/backtrace/mod.rs:66
[INFO] [stderr]      2:     0x55bb62f47e35 - std::sys_common::backtrace::_print_fmt::h5e71b67af43fd70d
[INFO] [stderr]                                  at src/libstd/sys_common/backtrace.rs:78
[INFO] [stderr]      3:     0x55bb62f47e35 - <std::sys_common::backtrace::_print::DisplayBacktrace as core::fmt::Display>::fmt::hdb4a83d2b61107e5
[INFO] [stderr]                                  at src/libstd/sys_common/backtrace.rs:59
[INFO] [stderr]      4:     0x55bb62f71afc - core::fmt::write::ha20e7262fa3e8a7a
[INFO] [stderr]                                  at src/libcore/fmt/mod.rs:1076
[INFO] [stderr]      5:     0x55bb62f44472 - std::io::Write::write_fmt::h1aebfe8a5a79e36d
[INFO] [stderr]                                  at src/libstd/io/mod.rs:1537
[INFO] [stderr]      6:     0x55bb62f4a560 - std::sys_common::backtrace::_print::h9c07314cc66ba539
[INFO] [stderr]                                  at src/libstd/sys_common/backtrace.rs:62
[INFO] [stderr]      7:     0x55bb62f4a560 - std::sys_common::backtrace::print::hd1fd65f49a2d8544
[INFO] [stderr]                                  at src/libstd/sys_common/backtrace.rs:49
[INFO] [stderr]      8:     0x55bb62f4a560 - std::panicking::default_hook::{{closure}}::h222da46485ab36fc
[INFO] [stderr]                                  at src/libstd/panicking.rs:198
[INFO] [stderr]      9:     0x55bb62f4a2ac - std::panicking::default_hook::hc5868949d129ed00
[INFO] [stderr]                                  at src/libstd/panicking.rs:217
[INFO] [stderr]     10:     0x55bb62f4aba3 - std::panicking::rust_panic_with_hook::h26a6ab8b0993c0c8
[INFO] [stderr]                                  at src/libstd/panicking.rs:526
[INFO] [stderr]     11:     0x55bb62db7e39 - std::panicking::begin_panic::h727059e61e5fce3e
[INFO] [stderr]                                  at /rustc/cfbc6d4cf1acbac5c025acf8ed68929caa551df3/src/libstd/panicking.rs:456
[INFO] [stderr]     12:     0x55bb629ee6df - build_script_build::main::hd437bdff62c78431
[INFO] [stderr]                                  at /opt/rustwide/workdir/build.rs:26
[INFO] [stderr]     13:     0x55bb629ef80b - std::rt::lang_start::{{closure}}::h926a7d6162c70459
[INFO] [stderr]                                  at /rustc/cfbc6d4cf1acbac5c025acf8ed68929caa551df3/src/libstd/rt.rs:67
[INFO] [stderr]     14:     0x55bb62f4af73 - std::rt::lang_start_internal::{{closure}}::h84a998219831fa70
[INFO] [stderr]                                  at src/libstd/rt.rs:52
[INFO] [stderr]     15:     0x55bb62f4af73 - std::panicking::try::do_call::he8e1d689a3e26def
[INFO] [stderr]                                  at src/libstd/panicking.rs:348
[INFO] [stderr]     16:     0x55bb62f4af73 - std::panicking::try::h264b6eebc2fa7bbf
[INFO] [stderr]                                  at src/libstd/panicking.rs:325
[INFO] [stderr]     17:     0x55bb62f4af73 - std::panic::catch_unwind::hbf28fafa723b2128
[INFO] [stderr]                                  at src/libstd/panic.rs:394
[INFO] [stderr]     18:     0x55bb62f4af73 - std::rt::lang_start_internal::he959aa59bc3ec202
[INFO] [stderr]                                  at src/libstd/rt.rs:51
[INFO] [stderr]     19:     0x55bb629ef7e7 - std::rt::lang_start::hcb14cbb1249792b1
[INFO] [stderr]                                  at /rustc/cfbc6d4cf1acbac5c025acf8ed68929caa551df3/src/libstd/rt.rs:67
[INFO] [stderr]     20:     0x55bb629eecea - main
[INFO] [stderr]     21:     0x7fed2e5aa0b3 - __libc_start_main
[INFO] [stderr]     22:     0x55bb629ee19e - _start
[INFO] [stderr]     23:                0x0 - <unknown>
[INFO] running `Command { std: "docker" "inspect" "4ac1597e0ee1cc8e1a636bd57752625776863dfe49f40e157036801dc5cf9694", kill_on_drop: false }`
[INFO] running `Command { std: "docker" "rm" "-f" "4ac1597e0ee1cc8e1a636bd57752625776863dfe49f40e157036801dc5cf9694", kill_on_drop: false }`
[INFO] [stdout] 4ac1597e0ee1cc8e1a636bd57752625776863dfe49f40e157036801dc5cf9694
